{"id":19905,"date":"2020-07-06T14:40:56","date_gmt":"2020-07-06T12:40:56","guid":{"rendered":"https:\/\/pp-performanceplus.com\/shop\/?post_type=product&#038;p=19905"},"modified":"2026-02-18T21:10:46","modified_gmt":"2026-02-18T20:10:46","slug":"coolant-xtreme","status":"publish","type":"product","link":"https:\/\/pp-performanceplus.com\/shop\/product\/coolant-xtreme\/","title":{"rendered":"Coolant Xtreme K\u00fchlwasser Zusatz"},"content":{"rendered":"<h3><em>High<\/em>&#8211;<em>Tech<\/em>\u00a0Supercharger f\u00fcr das K\u00fchlwasser<\/h3>\n<h5>Einfach einf\u00fcllen und den Unterschied sp\u00fcren!<\/h5>\n<p>Mit dem Einsatz neuester energetisierender Technologien wird die W\u00e4rmeleitf\u00e4higkeit von Wasser-Glykol-K\u00fchlfl\u00fcssigkeiten deutlich verbessert und die K\u00fchlfl\u00fcssigkeit hochenergetisch Ionisiert. Dies macht das <strong>Wasser<\/strong> nachweislich &#8220;<strong>noch nasser<\/strong>&#8220;. Diese energetisierende Wirkweise arbeitet zudem bis in die Brennkammern des Motors hindurch. \u00a0Coolant Xtreme ist f\u00fcr die Verwendung in allen wasserbasierten K\u00fchlfl\u00fcssigkeiten von Verbrennungsmotoren, industriellen Anwendungen und sogar K\u00fchlfl\u00fcssigkeiten von Elektroautos ausgelegt.<\/p>\n<h4>Vorteile<\/h4>\n<ul>\n<li>verbessert sp\u00fcrbar Leistung, Beschleunigung und Kraftstoffverbrauch<\/li>\n<li>senkt K\u00fchlmittel- und Motortemperatur<\/li>\n<li>senkt nachwei\u00dflich Emissionen wie CO, HC, NOx und Ru\u00df<\/li>\n<li>sch\u00fctzt vor Multi-Metall-Korrosion<\/li>\n<li>neutral gegen\u00fcber allen Metall-, Gummi- und Kunststoffteilen<\/li>\n<li>mischbar mit jeder Art von K\u00fchlfl\u00fcssigkeiten auf Wasserbasis<\/li>\n<li>keine negativen Auswirkungen auf die Wasserpumpe und den Thermostat<\/li>\n<li>Langfristig Nutzbar (4 Jahre)<\/li>\n<\/ul>\n<h4>Anwendung &amp; Dosierung<\/h4>\n<p>350 ml Coolant Xtreme reichen f\u00fcr bis zu 7 Liter K\u00fchlfl\u00fcssigkeitsvolumen aus. Bitte pr\u00fcfen Sie im Vorfeld wieviel K\u00fchlwasservolumen in Ihrem Fahrzeug verwendet wird. F\u00fcr Leistungsstarke Fahrzeuge wird die Verwendung von mehreren Flaschen empfohlen.<\/p>\n<p>Falls erforderlich, sollte der K\u00fchlfl\u00fcssigkeitsstand im Ausgleichsbeh\u00e4lter mit einer Spritze reduziert werden damit eine \u00dcberbef\u00fcllung vermieden wird. Flasche vor Gebrauch gut sch\u00fctteln. F\u00fcllen Sie den Inhalt der Flasche ausschliesslich in den K\u00fchlfl\u00fcssigkeitsausgleichsbeh\u00e4lter.<\/p>\n<h4>Produktdatenblatt<\/h4>\n<p><a href=\"https:\/\/pp-performanceplus.com\/shop\/wp-content\/uploads\/2020\/07\/Data-Sheet-PP904350.x.pdf\">Produktdatenblatt ansehen<\/a><\/p>\n","protected":false},"excerpt":{"rendered":"<h2><strong><em>Stage<\/em> <em>0,5<\/em>\u00a0<\/strong><em>sp\u00fcrbar mehr Leistung!<\/em><\/h2>\n<p>Coolant Xtreme ist ein revolution\u00e4res K\u00fchlwasser-Additiv und wurde entwickelt um die Effizienz des Motors und der Verbrennung zu erh\u00f6hen.<\/p>\n<p>F\u00fcr eine beispiellos gute Leistungsentfaltung eines optimierten Fahrzeugs wird das <strong>Competition-Paket<\/strong> (2 Flaschen) mindestens empfohlen. (Pflicht bei allen RS, M und AMG Modellen)<\/p>\n<p>Sei gespannt auf die Ver\u00e4nderung welche du dann erleben wirst!<\/p>\n","protected":false},"featured_media":20053,"comment_status":"open","ping_status":"closed","template":"","meta":[],"yoast_head":"<!-- This site is optimized with the Yoast SEO plugin v14.9 - https:\/\/yoast.com\/wordpress\/plugins\/seo\/ -->\n<title>Coolant Xtreme K\u00fchlwasser Zusatz - PP-Perfomance Shop<\/title>\n<meta name=\"robots\" content=\"noindex, follow, max-snippet:-1, max-image-preview:large, max-video-preview:-1\" \/>\n<meta property=\"og:locale\" content=\"de_DE\" \/>\n<meta property=\"og:type\" content=\"article\" \/>\n<meta property=\"og:title\" content=\"Coolant Xtreme K\u00fchlwasser Zusatz - PP-Perfomance Shop\" \/>\n<meta property=\"og:description\" content=\"Stage 0,5\u00a0sp\u00fcrbar mehr Leistung! Coolant Xtreme ist ein revolution\u00e4res K\u00fchlwasser-Additiv und wurde entwickelt um die Effizienz des Motors und der Verbrennung zu erh\u00f6hen.  F\u00fcr eine beispiellos gute Leistungsentfaltung eines optimierten Fahrzeugs wird das Competition-Paket (2 Flaschen) mindestens empfohlen. (Pflicht bei allen RS, M und AMG Modellen)  Sei gespannt auf die Ver\u00e4nderung welche du dann erleben wirst!\" \/>\n<meta property=\"og:url\" content=\"https:\/\/pp-performanceplus.com\/shop\/product\/coolant-xtreme\/\" \/>\n<meta property=\"og:site_name\" content=\"PP-Perfomance Shop\" \/>\n<meta property=\"article:modified_time\" content=\"2026-02-18T20:10:46+00:00\" \/>\n<meta property=\"og:image\" content=\"https:\/\/pp-performanceplus.com\/shop\/wp-content\/uploads\/2020\/07\/PP904350_Neu-1200x1200_02-1.jpg\" \/>\n\t<meta property=\"og:image:width\" content=\"1951\" \/>\n\t<meta property=\"og:image:height\" content=\"1951\" \/>\n<meta name=\"twitter:card\" content=\"summary_large_image\" \/>\n<script type=\"application\/ld+json\" class=\"yoast-schema-graph\">{\"@context\":\"https:\/\/schema.org\",\"@graph\":[{\"@type\":\"WebSite\",\"@id\":\"https:\/\/pp-performanceplus.com\/shop\/#website\",\"url\":\"https:\/\/pp-performanceplus.com\/shop\/\",\"name\":\"PP-Perfomance Shop\",\"description\":\"\",\"potentialAction\":[{\"@type\":\"SearchAction\",\"target\":\"https:\/\/pp-performanceplus.com\/shop\/?s={search_term_string}\",\"query-input\":\"required name=search_term_string\"}],\"inLanguage\":\"de\"},{\"@type\":\"ImageObject\",\"@id\":\"https:\/\/pp-performanceplus.com\/shop\/product\/coolant-xtreme\/#primaryimage\",\"inLanguage\":\"de\",\"url\":\"https:\/\/pp-performanceplus.com\/shop\/wp-content\/uploads\/2020\/07\/PP904350_Neu-1200x1200_02-1.jpg\",\"width\":1951,\"height\":1951},{\"@type\":\"WebPage\",\"@id\":\"https:\/\/pp-performanceplus.com\/shop\/product\/coolant-xtreme\/#webpage\",\"url\":\"https:\/\/pp-performanceplus.com\/shop\/product\/coolant-xtreme\/\",\"name\":\"Coolant Xtreme K\\u00fchlwasser Zusatz - PP-Perfomance Shop\",\"isPartOf\":{\"@id\":\"https:\/\/pp-performanceplus.com\/shop\/#website\"},\"primaryImageOfPage\":{\"@id\":\"https:\/\/pp-performanceplus.com\/shop\/product\/coolant-xtreme\/#primaryimage\"},\"datePublished\":\"2020-07-06T12:40:56+00:00\",\"dateModified\":\"2026-02-18T20:10:46+00:00\",\"inLanguage\":\"de\",\"potentialAction\":[{\"@type\":\"ReadAction\",\"target\":[\"https:\/\/pp-performanceplus.com\/shop\/product\/coolant-xtreme\/\"]}]}]}<\/script>\n<!-- \/ Yoast SEO plugin. -->","_links":{"self":[{"href":"https:\/\/pp-performanceplus.com\/shop\/wp-json\/wp\/v2\/product\/19905"}],"collection":[{"href":"https:\/\/pp-performanceplus.com\/shop\/wp-json\/wp\/v2\/product"}],"about":[{"href":"https:\/\/pp-performanceplus.com\/shop\/wp-json\/wp\/v2\/types\/product"}],"replies":[{"embeddable":true,"href":"https:\/\/pp-performanceplus.com\/shop\/wp-json\/wp\/v2\/comments?post=19905"}],"wp:featuredmedia":[{"embeddable":true,"href":"https:\/\/pp-performanceplus.com\/shop\/wp-json\/wp\/v2\/media\/20053"}],"wp:attachment":[{"href":"https:\/\/pp-performanceplus.com\/shop\/wp-json\/wp\/v2\/media?parent=19905"}],"curies":[{"name":"wp","href":"https:\/\/api.w.org\/{rel}","templated":true}]}}