{"id":230,"date":"2018-03-15T16:05:31","date_gmt":"2018-03-15T15:05:31","guid":{"rendered":"https:\/\/pp-performanceplus.com\/shop\/?page_id=230"},"modified":"2020-08-03T19:35:08","modified_gmt":"2020-08-03T17:35:08","slug":"versandinformationen","status":"publish","type":"page","link":"https:\/\/pp-performanceplus.com\/shop\/versandinformationen\/","title":{"rendered":"Versandinformationen"},"content":{"rendered":"<p>[vc_row][vc_column el_class=&#8221;page-header page-header-small&#8221;]<div class=\"dzsparallaxer dzsparallaxer0 auto-init use-loading \"  data-options='{\"direction\": \"reverse\",\"mode_scroll\":\"`{`object Object`}`\",\"scroll_axis_x\":\"off\",\"scroll_axis_y\":\"on\"}' data-parallax_content_type=\"image\" style=\" height: 100%;\"><div class=\"divimage dzsparallaxer--target \" data-src=\"https:\/\/pp-performanceplus.com\/shop\/wp-content\/uploads\/2018\/03\/Home_1.jpg\"style=\";  height: 150%;\"><\/div><div class=\"preloader-semicircles\"><\/div><div class=\"parallaxer-content\"><\/p>\n<div class=\"big-text center-it\">\n<h1 class=\"text-white text-uppercase\">Versandinformationen<\/h1>\n<\/div>\n<p><\/div><\/div>[\/vc_column][\/vc_row][vc_row type=&#8221;boxed&#8221; el_class=&#8221;section&#8221;][vc_column][vc_column_text]<\/p>\n<h3><strong>Versandbedingungen<\/strong><\/h3>\n<p>Die Lieferung erfolgt im Inland (Deutschland) und in die nachstehenden L\u00e4nder: EU und Europa.<\/p>\n<p><strong>Versandkosten<\/strong> (inklusive gesetzliche Mehrwertsteuer)<\/p>\n<p>&nbsp;<\/p>\n<h4><strong>Lieferungen im Inland (Deutschland):\u00a0<\/strong><\/h4>\n<p>Wir berechnen die Versandkosten nach Versandgewicht:<\/p>\n<p>Versandkosten je 30 kg Packet: 6,90 \u20ac<\/p>\n<p>Ab einem Bestellwert von 50,00 \u20ac liefern wir versandkostenfrei.<\/p>\n<p><strong>Lieferungen ins Ausland:<\/strong><\/p>\n<p>Wir berechnen die Versandkosten ins Ausland nach Versandgewicht:<\/p>\n<p>&nbsp;<\/p>\n<h4>Versand per DHL:<\/h4>\n<h4>Premiumversand bis 26 kg<\/h4>\n<p>EU Zone 1: 20,90 \u20ac<br \/>\nEU Zone 2: 23,90 \u20ac<br \/>\nEU Zone 3: 25,90 \u20ac<\/p>\n<p>&nbsp;<\/p>\n<h4>Versand International bis 26 kg:<\/h4>\n<p>Europa Zone 1: 23,90 \u20ac<br \/>\nEuropa Zone 3: 27,90 \u20ac<\/p>\n<p>Bei Bestellungen mit einem Versandgewicht \u00fcber 26 kg packen wir entsprechend viele Pakete und berechnen diese gem\u00e4\u00df den obigen Angaben je Paket.<\/p>\n<p>&nbsp;<\/p>\n<h4>EU Zone 1<\/h4>\n<p>\u00d6sterreich, Belgien, Tschechische Repubilk, D\u00e4nemark, Frankreich, Luxemburg, Niederlande, Polen, Monaco<\/p>\n<h4>EU Zone 2<\/h4>\n<p>Spanien, Gro\u00dfbritanien, Ungarn, Italien, Schweden, Slowenien, Slowakei, Andorra, San Marino, Vatikanstadt<\/p>\n<h4>EU Zone 3<\/h4>\n<p>Bulgarien, Zypern, Estland, Finnland, Griechenland, Kroatien, Irland, Litauen, Lettland, Malta, Portugal, Rum\u00e4nien<\/p>\n<h4>Europa Zone 1 (non EU)<\/h4>\n<p>Lichtenstein, Schweiz<\/p>\n<h4>Europa Zone 3 (non EU)<\/h4>\n<p>Albanien, Wei\u00dfrussland, Bosnien Herzigowina, Georgien, Island, Mazedonien, Moldavien, Montenegro, Norwegen, Serbien, Ukraine<\/p>\n<p>&nbsp;<\/p>\n<h4>Lieferfristen<\/h4>\n<p>Soweit im jeweiligen Angebot keine andere Frist angegeben ist, erfolgt die Lieferung der Ware im Inland (Deutschland) innerhalb von 1-3 Tagen, bei Auslandslieferungen innerhalb von 4-10 Tagen nach Vertragsschluss (bei vereinbarter Vorauszahlung nach dem Zeitpunkt Ihrer Zahlungsanweisung).<br \/>\nBeachten Sie, dass an Sonn- und Feiertagen keine Zustellung erfolgt.<br \/>\nHaben Sie Artikel mit unterschiedlichen Lieferzeiten bestellt, versenden wir die Ware in einer gemeinsamen Sendung, sofern wir keine abweichenden Vereinbarungen mit Ihnen getroffen haben.\u00a0Die Lieferzeit bestimmt sich in diesem Fall nach dem Artikel mit der l\u00e4ngsten Lieferzeit den Sie bestellt haben.[\/vc_column_text][\/vc_column][\/vc_row]<\/p>\n","protected":false},"excerpt":{"rendered":"<p>[vc_row][vc_column el_class=&#8221;page-header page-header-small&#8221;][\/vc_column][\/vc_row][vc_row type=&#8221;boxed&#8221; el_class=&#8221;section&#8221;][vc_column][vc_column_text] Versandbedingungen Die Lieferung erfolgt im Inland (Deutschland) und in die nachstehenden L\u00e4nder: EU und Europa. Versandkosten (inklusive gesetzliche Mehrwertsteuer) &nbsp; Lieferungen im Inland (Deutschland):\u00a0 Wir berechnen die Versandkosten nach Versandgewicht: Versandkosten je 30 kg Packet: 6,90 \u20ac Ab einem Bestellwert von 50,00 \u20ac liefern wir versandkostenfrei. Lieferungen ins Ausland: Wir [&hellip;]<\/p>\n","protected":false},"author":21,"featured_media":0,"parent":0,"menu_order":0,"comment_status":"closed","ping_status":"closed","template":"page-full-width.php","meta":[],"yoast_head":"<!-- This site is optimized with the Yoast SEO plugin v14.9 - https:\/\/yoast.com\/wordpress\/plugins\/seo\/ -->\n<title>Versandinformationen - PP-Perfomance Shop<\/title>\n<meta name=\"robots\" content=\"noindex, follow, max-snippet:-1, max-image-preview:large, max-video-preview:-1\" \/>\n<meta property=\"og:locale\" content=\"de_DE\" \/>\n<meta property=\"og:type\" content=\"article\" \/>\n<meta property=\"og:title\" content=\"Versandinformationen - PP-Perfomance Shop\" \/>\n<meta property=\"og:description\" content=\"[vc_row][vc_column el_class=&#8221;page-header page-header-small&#8221;][\/vc_column][\/vc_row][vc_row type=&#8221;boxed&#8221; el_class=&#8221;section&#8221;][vc_column][vc_column_text] Versandbedingungen Die Lieferung erfolgt im Inland (Deutschland) und in die nachstehenden L\u00e4nder: EU und Europa. Versandkosten (inklusive gesetzliche Mehrwertsteuer) &nbsp; Lieferungen im Inland (Deutschland):\u00a0 Wir berechnen die Versandkosten nach Versandgewicht: Versandkosten je 30 kg Packet: 6,90 \u20ac Ab einem Bestellwert von 50,00 \u20ac liefern wir versandkostenfrei. Lieferungen ins Ausland: Wir [&hellip;]\" \/>\n<meta property=\"og:url\" content=\"https:\/\/pp-performanceplus.com\/shop\/versandinformationen\/\" \/>\n<meta property=\"og:site_name\" content=\"PP-Perfomance Shop\" \/>\n<meta property=\"article:modified_time\" content=\"2020-08-03T17:35:08+00:00\" \/>\n<meta name=\"twitter:card\" content=\"summary_large_image\" \/>\n<script type=\"application\/ld+json\" class=\"yoast-schema-graph\">{\"@context\":\"https:\/\/schema.org\",\"@graph\":[{\"@type\":\"WebSite\",\"@id\":\"https:\/\/pp-performanceplus.com\/shop\/#website\",\"url\":\"https:\/\/pp-performanceplus.com\/shop\/\",\"name\":\"PP-Perfomance Shop\",\"description\":\"\",\"potentialAction\":[{\"@type\":\"SearchAction\",\"target\":\"https:\/\/pp-performanceplus.com\/shop\/?s={search_term_string}\",\"query-input\":\"required name=search_term_string\"}],\"inLanguage\":\"de\"},{\"@type\":\"WebPage\",\"@id\":\"https:\/\/pp-performanceplus.com\/shop\/versandinformationen\/#webpage\",\"url\":\"https:\/\/pp-performanceplus.com\/shop\/versandinformationen\/\",\"name\":\"Versandinformationen - PP-Perfomance Shop\",\"isPartOf\":{\"@id\":\"https:\/\/pp-performanceplus.com\/shop\/#website\"},\"datePublished\":\"2018-03-15T15:05:31+00:00\",\"dateModified\":\"2020-08-03T17:35:08+00:00\",\"inLanguage\":\"de\",\"potentialAction\":[{\"@type\":\"ReadAction\",\"target\":[\"https:\/\/pp-performanceplus.com\/shop\/versandinformationen\/\"]}]}]}<\/script>\n<!-- \/ Yoast SEO plugin. -->","_links":{"self":[{"href":"https:\/\/pp-performanceplus.com\/shop\/wp-json\/wp\/v2\/pages\/230"}],"collection":[{"href":"https:\/\/pp-performanceplus.com\/shop\/wp-json\/wp\/v2\/pages"}],"about":[{"href":"https:\/\/pp-performanceplus.com\/shop\/wp-json\/wp\/v2\/types\/page"}],"author":[{"embeddable":true,"href":"https:\/\/pp-performanceplus.com\/shop\/wp-json\/wp\/v2\/users\/21"}],"replies":[{"embeddable":true,"href":"https:\/\/pp-performanceplus.com\/shop\/wp-json\/wp\/v2\/comments?post=230"}],"version-history":[{"count":11,"href":"https:\/\/pp-performanceplus.com\/shop\/wp-json\/wp\/v2\/pages\/230\/revisions"}],"predecessor-version":[{"id":20006,"href":"https:\/\/pp-performanceplus.com\/shop\/wp-json\/wp\/v2\/pages\/230\/revisions\/20006"}],"wp:attachment":[{"href":"https:\/\/pp-performanceplus.com\/shop\/wp-json\/wp\/v2\/media?parent=230"}],"curies":[{"name":"wp","href":"https:\/\/api.w.org\/{rel}","templated":true}]}}